uppose -5*q + 2*m + 139 = 0, 3*q + 2*m - 89 = 6*m. What is the remainder when c is divided by q?
26
Suppose g + 17 = 4*v - 13, 0 = 2*v + g - 18. Calculate the remainder when 754/(-58)*(2/((-4)/(-6)) - 4) is divided by v.
5
Let b(h) = 13*h - 1. Suppose -2*v = -7*v - 0*v. Suppose 2*m - 2 = 0, v*u = -3*u - 4*m + 175. Calculate the remainder when u is divided by b(1).
9
Let c be (-8)/6 + (-10)/(-3). Let z be (28/(-12))/(c/(-6)). Suppose -x = -68 + z. What is the remainder when x is divided by 21?
19
Let u = -268 - -291. Suppose -4*n + 444 = 3*s, -4*s + 2*n - 5*n = -585. Suppose -480 + s = -3*m. Calculate the remainder when m is divided by u.
20
Let x = -2204 - -2252. Calculate the remainder when 765 is divided by x.
45
Let x = -751 - -773. What is the remainder when 659 is divided by x?
21
Let w(c) = -c**2 - 4*c - 4. Let g be w(-3). Let b = 25 + g. Let q(x) = 3*x**3 - 4*x**2 + x + 3. Calculate the remainder when b is divided by q(2).
11
Let f be (-7056)/64 + (-2)/(-8). Let x = f - -347. What is the remainder when x is divided by 20?
17
Let x = 44 + -27. Let c(d) = -4*d + 18. Calculate the remainder when c(-8) is divided by x.
16
Let x(b) = 13*b - 275. Calculate the remainder when 155 is divided by x(23).
11
Suppose 4*m - 357 = 743. Suppose -5*j = -m - 125. What is the remainder when j is divided by 21?
17
Suppose -n - 4 + 5 = -2*l, 5*n = 25. Suppose -3 = -a + l. Suppose -c - k + 25 = 0, -2*c + 31 + 7 = a*k. Calculate the remainder when c is divided by 10.
9
Suppose -2*k + 3*k = g - 16, -54 = -4*g + 2*k. Suppose w - 16 = h, 7*w - 3*w - 104 = -4*h. Calculate the remainder when w is divided by g.
10
Let h(n) = 2*n**2 - 4*n - 14. Let f be h(-5). Suppose 4*w + 3*w - f = 0. What is the remainder when 38 is divided by w?
6
Suppose -5*x = 3*s - 0*s + 1, 47 = 4*s - 3*x. Let n(o) = o**3 - 9*o**2 + 10*o. Calculate the remainder when 59 is divided by n(s).
11
Suppose -d + 11 - 3 = 0. Let x = 113 - 44. Calculate the remainder when x is divided by (-48)/d*(-3 + -1).
21
Suppose -2*g - 115 = -233. What is the remainder when g is divided by 25?
9
Let m = -659 + 887. What is the remainder when m is divided by 30?
18
Let j = 19 + -12. Suppose 19 = 2*a - j. Calculate the remainder when (23/3)/((-2)/(-6)) is divided by a.
10
Let q be ((-7)/(-14))/(-2*(-2)/96). Suppose -i = -1 - q. Calculate the remainder when 59 is divided by i.
7
Suppose 354 + 6 = 5*q. Suppose 129 = 2*m - 5*w, -m + 0*m = -4*w - q. What is the remainder when 23 is divided by 3/2*m/6?
10
Let p = 4 - -5. Let h = p + 1. Suppose u = -u + 76. What is the remainder when u is divided by h?
8
Suppose 3*s + 3 = 21. Let v(o) = -2*o**3 + 4*o**2 - 2*o - 2. Let g be v(3). Let a = g + 47. Calculate the remainder when a is divided by s.
3
Suppose 2*g - g = -15. Let k be ((-12)/g)/((-6)/(-45)). Calculate the remainder when (k/(-7))/((-12)/168) is divided by 5.
2
Suppose 3*b - 33 = -2*o, -9 = 4*b - b. Suppose 5*v + 3*k = 2*k + 202, -4 = -2*k. Suppose -5*x = -v + 10. What is the remainder when o is divided by x?
3
Suppose 11*w - 64 = 123. What is the remainder when 1085 is divided by w?
14
Let w(i) = 6*i**2 + 9*i - 11. What is the remainder when w(5) is divided by 58?
10
Let j(i) = -23*i - 8. Suppose z + 0*z = 53. Suppose 0 = -5*y - b + z, 2*b - 4*b + 56 = 5*y. What is the remainder when j(-2) is divided by y?
8
Let j(t) = -2*t**3 - 7*t**2 + 4*t + 2. Calculate the remainder when j(-5) is divided by ((-4)/3)/((-36)/405).
12
Suppose 2*t + 18 = 98. Suppose -3*u + 3*h - 10 - 50 = 0, u = -3*h - t. Let z = 67 + u. What is the remainder when z is divided by 15?
12
Suppose 5*h + 5*f = -50, 2*h - 5*f = 5*h + 40. Let t(z) = -2*z - 3. Let q be t(h). Suppose 0 = -q*l - 6 + 48. Calculate the remainder when 10 is divided by l.
4
Let v be (-69)/2*24/9. Let z = v + 137. Suppose 3*i + 2*i = 80. What is the remainder when z is divided by i?
13
Let j = -365 + 401. What is the remainder when 135 is divided by j?
27
What is the remainder when (-13)/((-104)/2448) - -5 is divided by 13?
12
Suppose 0*o + 2*o + 5*q + 182 = 0, 84 = -o + q. Let z be (2/(-1))/((-4)/246). Let g = o + z. What is the remainder when g is divided by 10?
7
Let w(s) = -2*s - 12. Let k = 58 - 34. Suppose -o + k = -5*o + 4*g, 18 = -o - 2*g. Calculate the remainder when 13 is divided by w(o).
5
Let i(b) = 2*b**2 - 9*b - 9. Let z(n) = -n**3 + 12*n**2 + 15*n - 17. Calculate the remainder when i(7) is divided by z(13).
8
Suppose -4*h + 21*h - 425 = 0. What is the remainder when 245 is divided by h?
20
Let j = 500 - 427. Calculate the remainder when 288 is divided by j.
69
Suppose -8*x = -3*x - 55. Let q(s) = s**3 - 11*s**2 + s - 13. Let z be q(x). Calculate the remainder when 13 is divided by (z/6)/((-3)/63).
6
Suppose 4*q - 5*c = 944, q - 5*c - 259 = -38. What is the remainder when q is divided by 65?
46
Suppose -8 = 4*m, -5*m = 2*j - 8*m - 212. Let y = 1976 + -1963. What is the remainder when j is divided by y?
12
Let h(f) = 3*f**2 + 15*f + 200. What is the remainder when h(18) is divided by 39?
38
Suppose 5*n = 4*q - 91 - 47, 2*n - 4 = 0. What is the remainder when q is divided by 8?
5
Let u(l) be the first derivative of l**4/4 - 2*l**3 + 4*l**2 - 5*l - 1. Calculate the remainder when u(5) is divided by 4.
2
Suppose -w = -4*p + 8*p - 176, 5*p - 219 = -w. Calculate the remainder when p is divided by (1 - -1)/((-1)/(-11)).
21
What is the remainder when (-23 - -225) + 1 + -4 + 2 is divided by 53?
42
Let q = 508 + -466. Calculate the remainder when 53 is divided by q.
11
Let a = -34 + 36. What is the remainder when (12 + -8)*41/a is divided by 21?
19
Let l = -71 - -76. Suppose -3*x - z = -l*z - 58, -36 = -2*x + 2*z. Calculate the remainder when 69 is divided by x.
13
Suppose o - 6 = 9. Let g = o + -11. Calculate the remainder when 12 is divided by g.
0
Suppose -4 = 2*j - 2*s, -3*s + 12 = 2*j - s. Suppose -3*v + 118 = j*v + 4*x, -5*v - 5*x = -120. What is the remainder when 84 is divided by v?
18
Let n(x) = 4*x**2 + 22*x - 7. What is the remainder when 8 is divided by n(-6)?
3
Let a = 56 - 45. What is the remainder when -7 + 3 - (0 - 112) is divided by a?
9
Let p = -4 - -8. Suppose p*m - 34 + 6 = 0. Let j = -11 + 29. Calculate the remainder when j is divided by m.
4
Let f(z) be the third derivative of z**5/60 - 5*z**4/8 + 7*z**3/2 + 21*z**2. Calculate the remainder when f(16) is divided by 10.
7
Suppose -64*c = -35*c - 348. What is the remainder when c is divided by 10?
2
Let m = -194 + 102. Calculate the remainder when 38 is divided by ((-3)/6 - 0) + m/(-8).
5
Let n = 104 + -151. Let g be 3 - ((-3)/(-1) - n). Let l = -34 - g. What is the remainder when 49 is divided by l?
10
What is the remainder when ((-11)/(-44))/((-4)/(-1776)) is divided by 23?
19
Suppose 25 - 1 = 4*x. Suppose t - 4*j - 31 = 0, 5*t - 83 = -j - 33. Calculate the remainder when (-44)/t*30/(-8) is divided by x.
3
Let w = 715 - 671. What is the remainder when 257 is divided by w?
37
Suppose -4*y = 3*y - 28. Suppose -3*n + y*c = -94, n = 5*c + 38 - 14. What is the remainder when n is divided by 12?
10
Suppose 2*p = 3*t - t - 58, 0 = 4*p + 16. Let r(w) = 5*w + 88. What is the remainder when t is divided by r(-15)?
12
Let t(g) = g + 3. Let u be t(0). What is the remainder when 14 is divided by 4 + (1 + -4)/u?
2
Suppose -190 = 11*w - 30*w. What is the remainder when 126 is divided by w?
6
Suppose 0 = 3*r - 8*r. Suppose 4*f - 8 - 4 = r, 144 = 4*p + 4*f. Let n = 144 + -135. Calculate the remainder when p is divided by n.
6
Let x(y) = -2*y**3 - 6*y**2 + 24*y + 58. What is the remainder when x(-6) is divided by 47?
36
Let v be 1/(-4) + (-15)/4. Let m = -189 + 206. Let t = v + m. What is the remainder when 23 is divided by t?
10
Suppose -3*z = 6*z - 3*z. Suppose -5*h + 3*m + 190 = z, 46 = 3*h + m - 68. What is the remainder when 111 is divided by h?
35
Suppose -16*d + 3138 + 430 = 0. What is the remainder when d is divided by 32?
31
Suppose 471 + 79 = 11*c. Calculate the remainder when c is divided by (-9)/(-3) + -5 + 29.
23
Let g = -49 - -49. Suppose -2*k = -g*k - 6. Calculate the remainder when 9 is divided by k.
0
Let c(g) = g + 15. Let n = 12 + 35. What is the remainder when n is divided by c(-7)?
7
Suppose 0 = -6*y + 202 - 70. Calculate the remainder when 55 is divided by y.
11
Let l = 2020 + -2009. What is th